{"id":3,"date":"2021-03-10T08:23:13","date_gmt":"2021-03-10T08:23:13","guid":{"rendered":"https:\/\/scorp.anywhere.de\/?page_id=3"},"modified":"2021-08-09T11:57:24","modified_gmt":"2021-08-09T11:57:24","slug":"privacy-policy","status":"publish","type":"page","link":"https:\/\/scorp.anywhere.de\/index.php\/privacy-policy\/","title":{"rendered":"Datenschutzerkl\u00e4rung"},"content":{"rendered":"\n<h1 class=\"wp-block-heading\">I. Datenschutzhinweise<\/h1>\n\n\n\n<p><strong>1. Allgemeine Hinweise<\/strong><br>Der Schutz Ihrer pers\u00f6nlichen Daten ist uns sehr wichtig. Wir halten uns an die Bestimmungen der EU-DSGVO bzw. dem BDSG (neu) und sch\u00fctzen Ihre personenbezogenen Daten nach Treu und Glauben. Die folgenden Hinweise geben einen einfachen \u00dcberblick dar\u00fcber, was mit Ihren personenbezogenen Daten passiert, wenn Sie unseren Dienst nutzen. Personenbezogene Daten sind alle Daten, mit denen Sie pers\u00f6nlich identifiziert werden k\u00f6nnen.<\/p>\n\n\n\n<p><strong>2. Kontaktdaten<\/strong><br>Verantwortlich f\u00fcr die Verarbeitung ist:<br>anywhere digital GmbH<br>Hoheluftchaussee 40a, D-20253 Hamburg<br>vertreten durch Konstantin Pfl\u00fcger<br>Amtsgericht<br>Hamburg&nbsp;HRB 97225<\/p>\n\n\n\n<p>Gem\u00e4\u00df Artikel 37 DSGVO haben wir einen betrieblichen Datenschutzbeauftragten benannt.<br>Dieser und unser Datenschutzteam sind unter folgender E-Mail-Adresse erreichbar.<\/p>\n\n\n\n<p><strong>E-Mail: datenschutz(at).anywhere.de<\/strong><\/p>\n\n\n\n<p><strong>3. Zweck und rechtliche Grundlage<\/strong><br>Um den Betrieb unserer Website sicherstellen zu k\u00f6nnen und Sie optimal zu informieren, nutzen wir technische M\u00f6glichkeiten, die Nutzung unserer Website zu \u00fcberwachen. Diese Datenerhebung und Analysedienste sind in diesem Dokument gesondert erl\u00e4utert.<br>In keinem Fall verwenden wir die hierbei erhobenen Daten zu dem Zweck, R\u00fcckschl\u00fcsse auf Ihre Person zu ziehen.<br>Die Rechtsgrundlage f\u00fcr diese Verarbeitung ist das berechtigte Interesse (Artikel 6 (1) lit. f DSGVO), unsere Website professionell und sicher zu betreiben.<br>In manchen F\u00e4llen ben\u00f6tigen wir Ihre Kundendaten, um eine Abwicklung \u00fcberhaupt zu erm\u00f6glichen. In diesem Fall verarbeiten wir die Daten im Rahmen des Art. 6 (1) lit. b und c DSGVO.<br>Dar\u00fcber hinaus gibt es Situationen, in denen Sie uns pers\u00f6nliche Daten mitteilen wollen, wie zum Beispiel bei einer Registrierung.<br>In diesem Fall werden wir Sie um eine Einwilligung zur Verarbeitung bitten (Artikel 6 (1) lit. a DSGVO).<\/p>\n\n\n\n<p><strong>4. Wof\u00fcr nutzen wir Ihre Daten?<\/strong><br>Ein Teil der Daten wird erhoben, um eine fehlerfreie Bereitstellung der Website und der Eingehung neuer Gesch\u00e4ftsbeziehungen zu gew\u00e4hrleisten. Andere Daten k\u00f6nnen zur Analyse Ihres Nutzerverhaltens verwendet werden.<br>a) Erhebung und Verarbeitung bei E-Mail Versand bzw. bei Bearbeitung einer Anfrage per Kontaktformular<br>Wir bieten Ihnen die M\u00f6glichkeit sich bei uns umfangreich zu informieren. Dazu senden Sie uns eine E-Mail mit Ihrer Anfrage an info[at]anywhere.de oder bedienen sich des Kontaktformulars. Bei der Bearbeitung Ihrer Anfrage erheben wir personenbezogene Daten (Einzelangaben \u00fcber pers\u00f6nliche oder sachliche Verh\u00e4ltnisse einer bestimmten oder bestimmbaren nat\u00fcrlichen Person) nur in dem von Ihnen zur Verf\u00fcgung gestelltem Umfang. Dementsprechend wird diese auch nur zu diesem Zweck genutzt. Sie k\u00f6nnen der Datennutzung jederzeit widersprechen und Ihre Einwilligung damit wiederrufen. Ihre Daten werden anschlie\u00dfend gel\u00f6scht, sofern Sie der weitergehenden Verarbeitung nicht ausdr\u00fccklich zugestimmt haben, oder die Verarbeitung aus anderen rechtlichen Gr\u00fcnden erforderlich ist.<br>b) Erhebung und Nutzung Ihrer Daten<br>Die Verarbeitung und Nutzung Ihrer personenbezogenen Daten erfolgt aus dem berechtigten Interesse unsere Dienstleistungen erfolgreich zu vermarkten und in Folge die Abwicklung der Vertr\u00e4ge sicherzustellen. Nach vollst\u00e4ndiger Vertragsabwicklung werden alle personenbezogenen Daten zun\u00e4chst aufgrund steuerrechtlicher und handelsrechtlicher Gr\u00fcnde nach den gesetzlichen Fristen gespeichert. Nach Fristablauf werden diese gel\u00f6scht, sofern Sie der weitergehenden Nutzung oder Verarbeitung nicht ausdr\u00fccklich zugestimmt haben.<\/p>\n\n\n\n<p><strong>5. Empf\u00e4nger bzw. Weitergabe personenbezogener Daten<\/strong><br>Wir geben ohne Ihre ausdr\u00fcckliche Einwilligung keine personenbezogenen Daten an Dritte weiter.<br>Hiervon ausgenommen sind unsere Dienstleistungspartner, die wir zur Abwicklung der Vertragsverh\u00e4ltnisse ben\u00f6tigen. Auch in diesen F\u00e4llen werden die datenschutzrechtlichen Vorgaben eingehalten. Dabei beschr\u00e4nkt sich der Umfang der Daten\u00fcbermittlung auf das zul\u00e4ssige Mindestma\u00df.<\/p>\n\n\n\n<p>Folgende Dienstleistungspartner sind an der Abwicklung beteiligt:<\/p>\n\n\n\n<p>Hetzner Online GmbH<br>Industriestr. 25<br>91710 Gunzenhausen<br>Germany<\/p>\n\n\n\n<p>Tel.: +49 (0)9831 505-0<br>Fax: +49 (0)9831 505-3<\/p>\n\n\n\n<p><strong>6. Hinweise zur Wahrung der Betroffenenrechte<\/strong><\/p>\n\n\n\n<p>a) Widerruf der Einwilligung<br>Viele Datenverarbeitungsvorg\u00e4nge sind nur mit Ihrer ausdr\u00fccklichen Einwilligung m\u00f6glich. Sie k\u00f6nnen die von Ihnen erteilte Einwilligung jederzeit widerrufen. Dazu reicht eine formlose E-Mail an uns. Die Rechtm\u00e4\u00dfigkeit der bis zum Widerruf erfolgten Datenvereinbarung bleibt vom Widerruf unber\u00fchrt.<\/p>\n\n\n\n<p>b) Auskunftsrechte des Betroffenen<br>Ihnen steht jederzeit das Recht auf unentgeltliche Auskunft, Berichtigung, L\u00f6schung bzw. Sperrung Ihrer Daten zu.<br>Des Weiteren haben Sie das Recht auf Berichtigung unrichtiger oder unvollst\u00e4ndig gespeicherter Daten.<\/p>\n\n\n\n<p>c) Beschwerderecht<br>Gem. Art. 77 DSGVO steht Ihnen das Recht zur Beschwerde bei der Aufsichtsbeh\u00f6rde zu.<br>(Kontakt siehe unten Punkt 8)<\/p>\n\n\n\n<p><strong>7. Hinweise zum Widerspruchsrecht<\/strong><br>Wir weisen Sie darauf hin, dass Ihnen gem. Art. 21 DSGVO ein Widerspruchsrecht f\u00fcr den Fall, das personenbezogene Daten verarbeitet werden, zusteht.<br>Der Widerspruch kann schriftlich erfolgen oder per E-Mail an die oben genannte Adresse.<\/p>\n\n\n\n<p><strong>8. Beschwerderecht bei der zust\u00e4ndigen Aufsichtsbeh\u00f6rde<\/strong><br>Im Falle datenschutzrechtlicher Verst\u00f6\u00dfe steht dem Betroffenen ein Beschwerderecht bei der zust\u00e4ndigen Aufsichtsbeh\u00f6rde zu. Zust\u00e4ndige Aufsichtsbeh\u00f6rde in datenschutzrechtlichen Fragen ist:<br>Der Hamburgische Beauftragte f\u00fcr Datenschutz und Informationsfreiheit<\/p>\n\n\n\n<p><strong>9. Recht auf Daten\u00fcbertragbarkeit<\/strong><br>Sie haben das Recht, Daten, die wir auf Grundlage Ihrer Einwilligung oder in Erf\u00fcllung eines Vertrags automatisiert verarbeiten, an sich oder an einen Dritten in einem g\u00e4ngigen, maschinenlesbaren Format aush\u00e4ndigen zu lassen.<\/p>\n\n\n\n<p><strong>10. Auskunft, Sperrung, L\u00f6schung<\/strong><br>Sie haben im Rahmen der geltenden gesetzlichen Bestimmungen jederzeit das Recht auf unentgeltliche Auskunft \u00fcber Ihre gespeicherten personenbezogenen Daten, deren Herkunft und Empf\u00e4nger und den Zweck der Datenverarbeitung und ggf. ein Recht auf Berichtigung, Sperrung oder L\u00f6schung dieser Daten. Gesetzliche Bestimmungen zu Aufbewahrungs- und Dokumentationsfristen sind zu beachten. Hierzu sowie zu weiteren Fragen zum Thema personenbezogene Daten k\u00f6nnen Sie sich jederzeit unter der bei Kontaktdaten angegebenen Adresse an uns wenden.<\/p>\n\n\n\n<p><strong>11. Analyse-Tools und Tools von Drittanbietern<\/strong><br>Beim Besuch unserer Website kann Ihr Surf-Verhalten statistisch ausgewertet werden. Das geschieht vor allem mit Cookies und mit sogenannten Analyseprogrammen. Die Analyse Ihres Surf-Verhaltens erfolgt in der Regel anonym. Sie k\u00f6nnen dieser Analyse widersprechen oder sie durch die Nichtbenutzung bestimmter Tools verhindern. Detaillierte Informationen dazu finden Sie in der folgenden Datenschutzerkl\u00e4rung.<\/p>\n\n\n\n<h1 class=\"wp-block-heading\">II. Datenerfassung auf unserer Website<\/h1>\n\n\n\n<p><strong>Cookies<\/strong><br>Die Internetseiten verwenden teilweise so genannte Cookies. Cookies richten auf Ihrem Rechner keinen Schaden an und dienen dazu, unser Angebot nutzerfreundlicher, effektiver und sicherer zu machen. Cookies sind kleine Textdateien, die auf Ihrem Rechner abgelegt werden und die Ihr Browser speichert.<br>Die meisten der von uns verwendeten Cookies sind so genannte \u201cSession-Cookies\u201d. Sie werden nach Ende Ihres Besuchs automatisch gel\u00f6scht. Andere Cookies bleiben auf Ihrem Endger\u00e4t gespeichert, bis Sie diese l\u00f6schen. Diese Cookies erm\u00f6glichen es uns, Ihren Browser beim n\u00e4chsten Besuch wiederzuerkennen.<br>Sie k\u00f6nnen Ihren Browser so einstellen, dass Sie \u00fcber das Setzen von Cookies informiert werden und Cookies nur im Einzelfall erlauben, die Annahme von Cookies f\u00fcr bestimmte F\u00e4lle oder generell ausschlie\u00dfen sowie das automatische L\u00f6schen der Cookies beim Schlie\u00dfen des Browsers aktivieren. Bei der Deaktivierung von Cookies kann die Funktionalit\u00e4t dieser Website eingeschr\u00e4nkt sein.<br>Cookies, die zur Durchf\u00fchrung des elektronischen Kommunikationsvorgangs oder zur Bereitstellung bestimmter, von Ihnen erw\u00fcnschter Funktionen (z.B. Warenkorbfunktion) erforderlich sind, werden auf Grundlage von Art. 6 (1) lit. f DSGVO gespeichert. Der Websitebetreiber hat ein berechtigtes Interesse an der Speicherung von Cookies zur technisch fehlerfreien und optimierten Bereitstellung seiner Dienste. Soweit andere Cookies (z.B. Cookies zur Analyse Ihres Surfverhaltens) gespeichert werden, werden diese in dieser Datenschutzerkl\u00e4rung gesondert behandelt.<br>Server-Log-Dateien<br>Der Provider der Seiten erhebt und speichert automatisch Informationen, die Ihr Browser automatisch an uns \u00fcbermittelt, in so genannten Server-Log-Dateien. Dies sind:<br>\u2022 Browsertyp und Browserversion,<br>\u2022 Verwendetes Betriebssystem,<br>\u2022 Referrer-URL,<br>\u2022 Hostname des zugreifenden Rechners,<br>\u2022 Uhrzeit der Serveranfrage,<br>\u2022 IP-Adresse.<br>Eine Zusammenf\u00fchrung dieser Daten mit anderen Datenquellen wird nicht vorgenommen.<\/p>\n\n\n\n<p>Die Rechtsgrundlage f\u00fcr diese Verarbeitung ist das berechtigte Interesse (Artikel 6 (1) lit. f DSGVO), diese Website professionell und sicher zu betreiben.<\/p>\n\n\n\n<h1 class=\"wp-block-heading\">III. Plugins und Tools<\/h1>\n\n\n\n<p><strong>Webtracking durch Matomo<\/strong><\/p>\n\n\n\n<p>Um unser Internetangebot zu optimieren, setzen wir das Webtrackingtool \u201eMatomo\u201c (fr\u00fcherer Name \u201ePiwik\u201c) ein, das auf unserem eigenen Server betrieben wird. Der Einsatz von Matomo erfolgt datenschutzkonform im Sinne der DSGVO. Die IP-Adressen werden von Matomo umgehend anonymisiert, eine Identifizierung der Besucher ist dadurch nicht m\u00f6glich. Die anonymen Statistikdaten werden getrennt von Ihren eventuell angegebenen personenbezogenen Daten gespeichert und lassen keine R\u00fcckschl\u00fcsse auf eine bestimmte Person zu.<br>Sie haben die M\u00f6glichkeit der Deaktivierung unter folgenden Link:<br>https:\/\/matomo.org\/docs\/privacy\/folgen<\/p>\n\n\n\n<p>Zudem ist in der Matomo Installation die \u201eDo-not-track\u201c Funktion aktiviert. Wenn Ihr Browser diese Funktion unterst\u00fctzt und Sie in den Einstellungen des Browsers die Funktion aktiviert haben, werden von Matomo keine Daten erfasst, auch wenn Sie das o.g. Deaktivierungs Cookie nicht nutzen.<\/p>\n","protected":false},"excerpt":{"rendered":"<p>I. Datenschutzhinweise 1. Allgemeine HinweiseDer Schutz Ihrer pers\u00f6nlichen Daten ist uns sehr wichtig. Wir halten uns an die Bestimmungen der EU-DSGVO bzw. dem BDSG (neu) und sch\u00fctzen Ihre personenbezogenen Daten nach Treu und Glauben. Die folgenden Hinweise geben einen einfachen \u00dcberblick dar\u00fcber, was mit Ihren personenbezogenen Daten passiert, wenn Sie unseren Dienst nutzen. Personenbezogene Daten [&hellip;]<\/p>\n","protected":false},"author":1,"featured_media":0,"parent":0,"menu_order":0,"comment_status":"closed","ping_status":"open","template":"","meta":{"_et_pb_use_builder":"","_et_pb_old_content":"","_et_gb_content_width":"1080","footnotes":""},"class_list":["post-3","page","type-page","status-publish","hentry"],"_links":{"self":[{"href":"https:\/\/scorp.anywhere.de\/index.php\/wp-json\/wp\/v2\/pages\/3","targetHints":{"allow":["GET"]}}],"collection":[{"href":"https:\/\/scorp.anywhere.de\/index.php\/wp-json\/wp\/v2\/pages"}],"about":[{"href":"https:\/\/scorp.anywhere.de\/index.php\/wp-json\/wp\/v2\/types\/page"}],"author":[{"embeddable":true,"href":"https:\/\/scorp.anywhere.de\/index.php\/wp-json\/wp\/v2\/users\/1"}],"replies":[{"embeddable":true,"href":"https:\/\/scorp.anywhere.de\/index.php\/wp-json\/wp\/v2\/comments?post=3"}],"version-history":[{"count":2,"href":"https:\/\/scorp.anywhere.de\/index.php\/wp-json\/wp\/v2\/pages\/3\/revisions"}],"predecessor-version":[{"id":82,"href":"https:\/\/scorp.anywhere.de\/index.php\/wp-json\/wp\/v2\/pages\/3\/revisions\/82"}],"wp:attachment":[{"href":"https:\/\/scorp.anywhere.de\/index.php\/wp-json\/wp\/v2\/media?parent=3"}],"curies":[{"name":"wp","href":"https:\/\/api.w.org\/{rel}","templated":true}]}}